) to base 2
-110011
Convert -231 (base 11) to base 9.
-336
Convert 4 (base 11) to base 15.
4
What is 303 (base 5) in base 14?
58
Convert -1 (base 12) to base 6.
-1
What is 8a (base 13) in base 14?
82
What is -5 (base 9) in base 2?
-101
What is -1104 (base 5) in base 9?
-181
What is -101 (base 4) in base 8?
-21
Convert -20 (base 11) to base 8.
-26
Convert -1 (base 5) to base 2.
-1
Convert 0 (base 16) to base 4.
0
What is 0 (base 2) in base 14?
0
-107 (base 14) to base 6
-535
Convert -29 (base 14) to base 3.
-1101
Convert 31 (base 4) to base 10.
13
-16 (base 12) to base 14
-14
Convert -22 (base 12) to base 16.
-1a
1b (base 12) to base 13
1a
504 (base 7) to base 9
306
13 (base 11) to base 2
1110
Convert 31 (base 10) to base 2.
11111
15 (base 7) to base 5
22
Convert -c (base 14) to base 10.
-12
What is -77 (base 12) in base 9?
-111
What is -21 (base 5) in base 2?
-1011
What is -15 (base 16) in base 15?
-16
23 (base 5) to base 12
11
Convert -10 (base 15) to base 8.
-17
Convert -53 (base 11) to base 15.
-3d
What is a (base 14) in base 13?
a
What is 69 (base 11) in base 14?
55
Convert 2013 (base 4) to base 6.
343
What is 2 (base 3) in base 16?
2
1 (base 7) to base 4
1
-10 (base 7) to base 14
-7
-10 (base 5) to base 15
-5
-1 (base 8) to base 5
-1
Convert -223 (base 4) to base 16.
-2b
What is 7 (base 11) in base 4?
13
-4 (base 5) to base 7
-4
Convert -10c (base 16) to base 6.
-1124
What is -97 (base 10) in base 6?
-241
142 (base 14) to base 15
11e
What is 1e (base 16) in base 8?
36
-3 (base 11) to base 5
-3
Convert -3 (base 6) to base 12.
-3
61 (base 12) to base 15
4d
What is 32 (base 14) in base 13?
35
What is 6 (base 10) in base 14?
6
Convert 9 (base 13) to base 15.
9
What is -1 (base 9) in base 3?
-1
Convert -222 (base 8) to base 7.
-266
Convert -36 (base 10) to base 9.
-40
What is -21 (base 10) in base 4?
-111
Convert -44 (base 5) to base 16.
-18
What is -3 (base 4) in base 2?
-11
-13 (base 10) to base 16
-d
Convert 2 (base 12) to base 14.
2
What is 6 (base 15) in base 13?
6
Convert 5 (base 10) to base 5.
10
What is 25 (base 10) in base 8?
31
Convert -3 (base 11) to base 6.
-3
Convert 135 (base 7) to base 10.
75
a5 (base 15) to base 8
233
What is 147 (base 10) in base 2?
10010011
What is -3 (base 6) in base 12?
-3
Convert 3 (base 14) to base 10.
3
What is -5 (base 13) in base 3?
-12
Convert -2 (base 3) to base 7.
-2
1 (base 7) to base 15
1
Convert 0 (base 9) to base 16.
0
Convert -11 (base 12) to base 6.
-21
What is -4 (base 12) in base 7?
-4
Convert 202 (base 4) to base 8.
42
What is 13 (base 12) in base 11?
14
Convert -2 (base 13) to base 9.
-2
What is 11 (base 2) in base 5?
3
-14 (base 5) to base 6
-13
What is 44 (base 13) in base 12?
48
What is 7 (base 15) in base 6?
11
What is 31 (base 5) in base 8?
20
What is -1 (base 6) in base 9?
-1
7 (base 8) to base 5
12
-10001 (base 2) to base 6
-25
-3 (base 7) to base 11
-3
What is 11 (base 5) in base 12?
6
Convert -4 (base 7) to base 2.
-100
What is 22 (base 12) in base 9?
28
-26 (base 14) to base 5
-114
What is 2020 (base 5) in base 12?
198
-e6 (base 15) to base 6
-1000
What is 40 (base 10) in base 4?
220
Convert -2212 (base 4) to base 9.
-204
-7 (base 10) to base 9
-7
27 (base 14) to base 12
2b
What is -22 (base 5) in base 8?
-14
Convert 97 (base 11) to base 8.
152
Convert 4 (base 10) to base 6.
4
Convert -111000 (base 2) to base 14.
-40
Convert -10 (base 3) to base 8.
-3
3 (base 12) to base 6
3
Convert 11110010 (base 2) to base 16.
f2
104 (base 5) to base 6
45
32 (base 15) to base 9
52
What is 37 (base 14) in base 6?
121
Convert -5 (base 13) to base 6.
-5
Convert 139 (base 12) to base 3.
21000
-2 (base 14) to base 8
-2
What is 2 (base 11) in base 16?
2
What is 56 (base 7) in base 9?
45
What is -a4 (base 11) in base 2?
-1110010
What is -e (base 16) in base 12?
-12
Convert -34 (base 14) to base 13.
-37
Convert 13 (base 9) to base 11.
11
24 (base 13) to base 11
28
What is -1101110 (base 2) in base 9?
-132
Convert -135 (base 8) to base 12.
-79
Convert 35 (base 7) to base 15.
1b
What is 201 (base 3) in base 6?
31
What is -18 (base 12) in base 9?
-22
What is -2 (base 6) in base 7?
-2
What is -4 (base 7) in base 14?
-4
Convert 131 (base 4) to base 16.
1d
What is 3 (base 15) in base 14?
3
114 (base 5) to base 9
37
Convert -16 (base 10) to base 12.
-14
What is -20 (base 13) in base 16?
-1a
What is 1 (base 7) in base 8?
1
1001 (base 2) to base 11
9
Convert 34 (base 6) to base 2.
10110
0 (base 6) to base 4
0
19 (base 13) to base 9
24
What is -a (base 14) in base 13?
-a
What is -10 (base 2) in base 16?
-2
3120 (base 4) to base 12
160
Convert 21 (base 4) to base 11.
9
Convert -5 (base 13) to base 2.
-101
1113 (base 5) to base 7
314
What is -27 (base 12) in base 4?
-133
Convert -100 (base 2) to base 10.
-4
-11000 (base 2) to base 9
-26
What is -1010 (base 3) in base 10?
-30
Convert -7 (base 15) to base 16.
-7
-4 (base 10) to base 5
-4
Convert 2 (base 4) to base 10.
2
What is -e (base 15) in base 8?
-16
Convert 56 (base 9) to base 14.
39
-46 (base 7) to base 12
-2a
Convert 1020 (base 4) to base 15.
4c
Convert 6 (base 16) to base 9.
6
-314 (base 5) to base 13
-66
What is 50 (base 7) in base 3?
1022
Convert -8 (base 16) to base 7.
-11
What is -5 (base 14) in base 2?
-101
-84 (base 14) to base 5
-431
-11 (base 2) to base 16
-3
Convert 21 (base 3) to base 10.
7
-63 (base 12) to base 3
-2210
-24 (base 6) to base 7
-22
What is a (base 14) in base 11?
a
181 (base 10) to base 2
10110101
Convert -1 (base 3) to base 11.
-1
Convert 4 (base 9) to base 8.
4
3 (base 14) to base 16
3
Convert -5 (base 9) to base 15.
-5
Convert -4 (base 11) to base 15.
-4
-4 (base 11) to base 6
-4
2a (base 11) to base 13
26
Convert 1021 (base 4) to base 15.
4d
Convert -24 (base 5) to base 7.
-20
11 (base 5) to base 4
12
What is -13 (base 4) in base 5?
-12
What is -12 (base 10) in base 13?
-c
3 (base 13) to base 10
3
Convert -221 (base 3) to base 6.
-41
What is -2 (base 14) in base 2?
-10
What is -17 (base 9) in base 7?
-22
Convert -6 (base 7) to base 12.
-6
Convert 73 (base 10) to base 6.
201
Convert -10010000 (base 2) to base 12.
-100
Convert -126 (base 8) to base 14.
-62
-55 (base 8) to base 12
-39
Convert 2 (base 9) to base 11.
2
What is -10 (base 3) in base 13?
-3
Convert 8 (base 9) to base 16.
8
What is -7 (base 10) in base 6?
-11
-1 (base 12) to base 6
-1
5 (base 6) to base 5
10
Convert -5 (base 10) to base 9.
-5
Convert 15 (base 6) to base 7.
14
320 (base 6) to base 12
a0
Convert -3 (base 14) to base 8.
-3
What is -14b (base 12) in base 14?
-107
Convert 2 (base 6) to base 9.
2
2 (base 15) to base 7
2
What is 463 (base 7) in base 15?
111
What is 1100000 (base 2) in base 13?
75
Convert -3 (base 8) to base 5.
-3
What is 4a (base 12) in base 7?
112
36 (base 14) to base 5
143
What is -1060 (base 7) in base 6?
-1441
13 (base 12) to base 9
16
-1 (base 3) to base 9
-1
What is 14 (base 7) in base 10?
11
Convert 8 (base 13) to base 14.
8
What is 0 (base 7) in base 8?
0
-3 (base 11) to base 10
-3
What is 7 (base 11) in base 15?
7
What is -69 (base 15) in base 4?
-1203
What is 100 (base 2) in base 12?
4
Convert 4 (base 10) to base 5.
4
What is -20 (base 3) in base 12?
-6
Convert -d (base 14) to base 5.
-23
29 (base 11) to base 14
23
Convert -54 (base 10) to base 8.
-66
-31 (base 11) to base 2
-100010
Convert -113 (base 16) to base 4.
-10103
What is 12 (base 5) in base 3?
21
-1 (base 4) to base 13
-1
Convert 6 (base 10) to base 15.
6
-12 (base 15) to base 11
-16
132 (base 4) to base 16
1e
What is 20 (base 6) in base 3?
110
What is -64 (base 9) in base 14?
-42
3 (base 15) to base 9
3
8 (base 10) to base 12
8
What is -1 (base 4) in base 12?
-1
Convert -5 (base 7) to base 12.
-5
-38 (base 14) to base 2
-110010
What is 34 (base 6) in base 13?
19
Convert 340 (base 10) to base 11.
28a
Convert -132 (base 4) to base 15.
-20
8e (base 15) to base 8
206
-341 (base 9) to base 11
-235
0 (base 14) to base 13
0
What is 134 (base 5) in base 15?
2e
What is 6 (base 7) in base 13?
6
-16 (base 8) to base 10
-14
What is 232 (base 11) in base 13?
184
What is 110 (base 2) in base 7?
6
Convert -152 (base 9) to base 13.
-9b
What is 31 (base 6) in base 5?
34
What is -12 (base 3) in base 15?
-5
11 (base 12) to base 6
21
What is 2 (base 7) in base 4?
2
5 (base 7) to base 16
5